{"id":24160,"date":"2024-10-07T15:02:27","date_gmt":"2024-10-07T12:02:27","guid":{"rendered":"https:\/\/32academy.com\/webinar\/contemporary-treatment-concept-in-perioplastic-surgery\/"},"modified":"2025-03-03T11:49:06","modified_gmt":"2025-03-03T09:49:06","slug":"contemporary-treatment-concept-in-perioplastic-surgery","status":"publish","type":"webinar","link":"https:\/\/32academy.com\/ro\/webinar\/contemporary-treatment-concept-in-perioplastic-surgery\/","title":{"rendered":"Conceptul de tratament contemporan \u00een chirurgia perioplastic\u0103"},"content":{"rendered":"\n<p>Pe l\u00e2ng\u0103 a\u0219a-numita \u201e<strong>estetic\u0103 alb\u0103<\/strong>\u201d a dintelui, \u201e<strong>estetica roz<\/strong>\u201d a gingiei joac\u0103 un rol major. Dac\u0103 <strong>anatomia gingival\u0103 <\/strong>este afectat\u0103 de recesiuni, <strong>armonia dento-gingival\u0103 <\/strong>va fi semnificativ compromis\u0103. De asemenea, dizabilit\u0103\u021bile func\u021bionale vor evolua treptat odat\u0103 cu extinderea acestor defecte muco-gingivale.<br><br>Astfel, recesiunile gingivale ar trebui abordate chirurgical pentru a <strong>reconstrui \u021besuturile pierdute <\/strong>\u0219i a <strong>acoperi r\u0103d\u0103cinile<\/strong>. Totu\u0219i, recesiunile gingivale sunt adesea asociate cu leziuni cervicale dentare. Prin urmare, orice interven\u021bie chirurgical\u0103 trebuie s\u0103 se bazeze pe o <strong>analiz\u0103 dubl\u0103<\/strong>, at\u00e2t a defectelor \u021besuturilor moi \u00een sine, c\u00e2t \u0219i a mediului dentar din proximitate.<br><br><strong>Chirurgia plastic\u0103 parodontal\u0103<\/strong> a evoluat treptat \u00eencep\u00e2nd cu mijlocul anilor &#8217;80, astfel \u00eenc\u00e2t ast\u0103zi clinicianul se confrunt\u0103 cu o gam\u0103 vast\u0103 \u0219i confuz\u0103 de <strong>tehnici diferite<\/strong>, niciuna dintre ele nefiind echivalent\u0103 \u00een termeni de estetic\u0103 \u0219i management al riscurilor. Conceptul de tratament care va fi prezentat se bazeaz\u0103 pe <strong>tehnica de tunelizare mini-invaziv\u0103<\/strong>, dovedit\u0103 ca sigur\u0103, dar dep\u0103\u0219e\u0219te propunerile terapeutice anterioare prin noi <strong>designuri de suturi ancorate<\/strong>, noi moduri de gestionare a <strong>grefelor de \u021besut conjunctiv<\/strong>, precum \u0219i un nou algoritm decizional simplificat, care integreaz\u0103 caracteristicile <strong>\u021besuturilor moi <\/strong>\u0219i ale <strong>defectelor cervicale<\/strong>.<\/p>\n","protected":false},"featured_media":24447,"template":"","meta":{"_acf_changed":true},"webinar-category":[448],"class_list":["post-24160","webinar","type-webinar","status-publish","has-post-thumbnail","hentry","webinar-category-tesut-moale"],"acf":[],"_links":{"self":[{"href":"https:\/\/32academy.com\/ro\/wp-json\/wp\/v2\/webinar\/24160","targetHints":{"allow":["GET"]}}],"collection":[{"href":"https:\/\/32academy.com\/ro\/wp-json\/wp\/v2\/webinar"}],"about":[{"href":"https:\/\/32academy.com\/ro\/wp-json\/wp\/v2\/types\/webinar"}],"wp:featuredmedia":[{"embeddable":true,"href":"https:\/\/32academy.com\/ro\/wp-json\/wp\/v2\/media\/24447"}],"wp:attachment":[{"href":"https:\/\/32academy.com\/ro\/wp-json\/wp\/v2\/media?parent=24160"}],"wp:term":[{"taxonomy":"webinar-category","embeddable":true,"href":"https:\/\/32academy.com\/ro\/wp-json\/wp\/v2\/webinar-category?post=24160"}],"curies":[{"name":"wp","href":"https:\/\/api.w.org\/{rel}","templated":true}]}}

Conceptul de tratament contemporan în chirurgia perioplastică

<p>Pe lângă așa-numita „<strong>estetică albă</strong>” a dintelui, „<strong>estetica roz</strong>” a gingiei joacă un rol major. Dacă <strong>anatomia gingivală </strong>este afectată de recesiuni, <strong>armonia dento-gingivală </strong>va fi semnificativ compromisă. De asemenea, dizabilitățile funcționale vor evolua treptat odată cu extinderea acestor defecte muco-gingivale.<br><br>Astfel, recesiunile gingivale ar trebui abordate chirurgical pentru a <strong>reconstrui țesuturile pierdute </strong>și a <strong>acoperi rădăcinile</strong>. Totuși, recesiunile gingivale sunt adesea asociate cu leziuni cervicale dentare. Prin urmare, orice intervenție chirurgicală trebuie să se bazeze pe o <strong>analiză dublă</strong>, atât a defectelor țesuturilor moi în sine, cât și a mediului dentar din proximitate.<br><br><strong>Chirurgia plastică parodontală</strong> a evoluat treptat începând cu mijlocul anilor &#8217;80, astfel încât astăzi clinicianul se confruntă cu o gamă vastă și confuză de <strong>tehnici diferite</strong>, niciuna dintre ele nefiind echivalentă în termeni de estetică și management al riscurilor. Conceptul de tratament care va fi prezentat se bazează pe <strong>tehnica de tunelizare mini-invazivă</strong>, dovedită ca sigură, dar depășește propunerile terapeutice anterioare prin noi <strong>designuri de suturi ancorate</strong>, noi moduri de gestionare a <strong>grefelor de țesut conjunctiv</strong>, precum și un nou algoritm decizional simplificat, care integrează caracteristicile <strong>țesuturilor moi </strong>și ale <strong>defectelor cervicale</strong>.</p>
